at is the greatest common divisor of 156 and 29921424?
156
Calculate the greatest common factor of 942675 and 2085.
15
What is the greatest common divisor of 154234031 and 119?
7
What is the greatest common factor of 69 and 21705927?
3
Calculate the greatest common factor of 2011342 and 2542.
62
What is the greatest common divisor of 27292 and 18284?
4
Calculate the greatest common divisor of 32 and 384239264.
32
What is the greatest common factor of 1029 and 7397187?
147
Calculate the greatest common factor of 61407 and 55548.
9
What is the highest common divisor of 35376 and 17408208?
3216
Calculate the greatest common divisor of 118203 and 8466410.
961
Calculate the greatest common factor of 73 and 271409620.
73
What is the greatest common divisor of 1057614 and 213094?
982
Calculate the greatest common divisor of 233622595 and 2065.
295
Calculate the greatest common factor of 6120 and 1973880.
360
What is the highest common factor of 2895 and 1222076?
193
Calculate the highest common divisor of 191997388 and 3.
1
What is the greatest common divisor of 9572 and 1796?
4
What is the highest common divisor of 327 and 11825301?
327
What is the highest common divisor of 18817405 and 1817?
79
What is the highest common divisor of 544 and 829940?
68
Calculate the greatest common divisor of 51 and 368702460.
51
Calculate the highest common factor of 390188799 and 231.
231
Calculate the highest common divisor of 176024 and 2348.
4
Calculate the greatest common divisor of 552 and 8697496.
184
Calculate the greatest common factor of 27336760 and 1408.
88
What is the greatest common divisor of 636405 and 16269?
957
What is the greatest common divisor of 77318637 and 8349?
363
Calculate the greatest common divisor of 335392 and 470752.
1504
What is the highest common factor of 177158280 and 1140?
1140
What is the greatest common divisor of 26757 and 13617?
9
What is the greatest common factor of 628776 and 9963?
1107
What is the highest common factor of 245250 and 24900?
150
Calculate the highest common divisor of 3075 and 19835.
5
What is the greatest common divisor of 369984400 and 5200?
400
What is the greatest common factor of 3408 and 107474262?
426
Calculate the greatest common divisor of 2233 and 63539406.
203
What is the highest common factor of 9093 and 20013?
21
What is the greatest common divisor of 23436 and 1392706?
434
What is the highest common divisor of 543609 and 11343?
57
Calculate the greatest common factor of 38036 and 105154.
74
Calculate the greatest common factor of 49733164 and 40508.
2132
What is the highest common factor of 2013 and 14445959?
671
Calculate the greatest common factor of 951 and 26322729.
951
What is the greatest common divisor of 2680686 and 774?
18
What is the greatest common divisor of 18612 and 83143188?
1692
Calculate the highest common factor of 398368 and 81446.
422
Calculate the highest common divisor of 28168 and 5264.
56
Calculate the highest common divisor of 5452435 and 1806990.
4495
Calculate the greatest common divisor of 2842 and 20613606.
58
What is the highest common factor of 15936270 and 196?
98
Calculate the greatest common divisor of 2881986 and 27029.
151
Calculate the greatest common factor of 707706 and 711.
9
Calculate the highest common factor of 165 and 2632395.
15
What is the greatest common divisor of 654905988 and 4?
4
Calculate the greatest common factor of 79528190 and 1435.
35
What is the greatest common divisor of 2788428483 and 9?
9
Calculate the greatest common divisor of 166852023 and 663.
39
Calculate the greatest common factor of 86111102 and 7.
7
Calculate the highest common factor of 448 and 1919302.
14
Calculate the greatest common divisor of 60 and 392117900.
20
Calculate the greatest common factor of 12 and 225315.
3
What is the highest common factor of 36974 and 7095116?
1946
Calculate the highest common factor of 72411138 and 18.
18
Calculate the highest common factor of 9031 and 1639537.
821
What is the highest common divisor of 191240 and 42567292?
2732
What is the greatest common factor of 1002 and 344808?
6
What is the greatest common factor of 302689040 and 17200?
3440
What is the greatest common factor of 2334960336 and 48?
48
Calculate the highest common divisor of 1718775921 and 267.
267
What is the highest common divisor of 86169417 and 4722?
2361
What is the highest common factor of 57240 and 17794440?
360
What is the greatest common factor of 773 and 2032911154?
773
Calculate the greatest common factor of 1857499 and 18569.
599
What is the greatest common divisor of 41984 and 124355296?
1312
Calculate the greatest common divisor of 18 and 223727571.
9
What is the greatest common divisor of 1680 and 3414432?
336
What is the highest common factor of 993555 and 615?
15
What is the greatest common divisor of 179484249 and 32844?
8211
Calculate the highest common divisor of 67153892 and 416.
52
Calculate the highest common factor of 262 and 1744789.
131
Calculate the highest common divisor of 270531 and 171.
9
What is the highest common factor of 157719 and 94221?
57
What is the highest common divisor of 4761561 and 84?
21
What is the highest common factor of 210 and 49001414?
14
What is the greatest common divisor of 1998512 and 40?
8
Calculate the greatest common factor of 3172 and 13021853.
793
What is the greatest common factor of 773976 and 6384?
168
What is the greatest common divisor of 96782 and 326802?
434
Calculate the greatest common factor of 66690 and 234757692.
4446
What is the greatest common divisor of 21043 and 4675372?
1913
Calculate the highest common factor of 148903156 and 2071.
109
What is the highest common divisor of 66705102 and 18?
18
What is the highest common divisor of 511135 and 6167470?
3385
Calculate the greatest common divisor of 4247 and 276241.
31
What is the greatest common factor of 238253 and 67373?
89
Calculate the greatest common factor of 400 and 1232696.
8
Calculate the highest common factor of 21645 and 9288.
9
What is the greatest common factor of 2787 and 5205187?
929
Calculate the greatest common divisor of 577680 and 3351540.
4980
What is the highest common divisor of 15766394 and 5110?
1022
Calculate the greatest common factor of 195605544 and 2628.
876
Calculate the greatest common factor of 1265303 and 6591.
169
What is the greatest common divisor of 25627 and 40589507?
3661
Calculate the highest common divisor of 5671350 and 1197.
9
Calculate the highest common factor of 1796944 and 1558.
38
Calculate the greatest common factor of 1008 and 4804688.
112
Calculate the greatest common factor of 37 and 208146.
1
Calculate the greatest common divisor of 138 and 41712386.
46
What is the greatest common factor of 279960 and 6690?
30
What is the greatest common divisor of 22395077 and 94?
47
Calculate the highest common divisor of 663727020 and 33.
33
Calculate the greatest common divisor of 84 and 29364678.
42
Calculate the highest common divisor of 19170 and 233110.
10
Calculate the greatest common factor of 389312 and 1096480.
2464
Calculate the highest common factor of 84845228 and 52.
52
Calculate the highest common factor of 78359860 and 397.
397
Calculate the greatest common factor of 210796 and 163684.
604
Calculate the highest common divisor of 29047480 and 32.
8
What is the highest common factor of 9782 and 6614106?
134
What is the highest common factor of 83874 and 301658?
14
What is the greatest common divisor of 2663728 and 1872?
16
What is the greatest common factor of 4209500 and 2000?
500
What is the highest common divisor of 60411008 and 2240?
448
What is the greatest common divisor of 6538 and 34776?
14
What is the greatest common divisor of 486 and 214477182?
18
What is the greatest common divisor of 285954570 and 33?
33
Calculate the greatest common factor of 2056 and 239713666.
514
Calculate the greatest common divisor of 497 and 604723.
7
What is the greatest common divisor of 28730 and 121652?
34
What is the greatest common divisor of 3870 and 173790?
90
Calculate the greatest common factor of 37645391 and 6475.
259
Calculate the highest common factor of 976 and 184599664.
976
What is the greatest common factor of 70725 and 67?
1
What is the greatest common factor of 556385930 and 118?
118
W